third derivative of -o**6/120 - o**5/10 - o**4/12 - 5*o**3/6 - o**2. What is the units digit of w(-6)?
7
Let x = 9 + -14. Let t(j) = -j**2 - 7*j - 2. What is the units digit of t(x)?
8
Suppose -2*p + 39 = -13. What is the tens digit of p?
2
Suppose -2*a = -70 + 30. What is the units digit of a?
0
Suppose 0*w - 4*w + 24 = -4*s, -4*w = -s - 18. What is the units digit of (-4)/(w/(-13)) + -3?
0
Suppose -2*q - 2*r = -5*q + 67, 5*r - 120 = -5*q. Let y = q + -13. What is the tens digit of y?
1
Let t(q) = 27*q + 1. What is the tens digit of t(1)?
2
Let t(n) = n**3 - 4*n**2 - 6*n + 6. Let b be t(6). What is the units digit of b/(-4)*(-16)/24?
7
Let z(t) = t**3 + 10*t**2 + 21*t + 6. What is the tens digit of z(-6)?
2
Let o(f) = 3*f**2 + 2*f - 1. Let c be o(2). Let k be ((-6)/15)/((-3)/c). Suppose -t - i - k = 0, 4*t + 3*i + 4 = -0. What is the units digit of t?
2
Suppose -m = -3*i - 197, 2*m + i - 3*i = 374. What is the units digit of m?
2
Suppose 2*u = 8*w - 3*w - 40, 35 = 5*w - u. What is the units digit of w*((-4)/8 + 3)?
5
Let k(w) = -w + 5. Let h(l) = -6*l + 24. Let b(t) = -2*h(t) + 11*k(t). What is the tens digit of b(6)?
1
Suppose 0 = -w + 3*w + 138. Let h be w/(-21) - (-4)/(-14). Let y = h + 0. What is the units digit of y?
3
Suppose 3 = n + n + 3*k, -k = -4*n + 13. What is the tens digit of 11 - (-5 - (-6)/n)?
1
Let b be 2/(-1) - -1 - -1. Suppose -36 = -4*s - b. What is the units digit of s?
9
Let m be (-7)/21 - 92/(-6). What is the units digit of 21/((m/(-2))/(-5))?
4
Suppose 0 = 2*f - 4*f + 10. Suppose c - f = -1. Suppose 51 = 5*i - c. What is the tens digit of i?
1
Let m = -4 + 3. Let j be ((-4)/(-8))/(m/12). What is the units digit of ((-2)/j)/((-4)/(-96))?
8
Let l be (-40)/(-12) - (-1)/(-3). Suppose 0 = x - l - 1. Suppose 0*c = 3*j + 3*c - 39, -x*j = c - 61. What is the units digit of j?
6
Let q(i) = 10*i**2 - i. What is the tens digit of q(2)?
3
Let f(b) be the second derivative of b**2 + 5/3*b**3 + 1/12*b**4 - b + 0. What is the units digit of f(-10)?
2
Let g(z) = 4*z + 364. What is the hundreds digit of g(0)?
3
Suppose -4*q + 22 = -74. Suppose -l + q = -0*l - 5*k, 5*l = 3*k + 32. Suppose -l*m = -0*m - 36. What is the units digit of m?
9
Suppose -2*y - 3 = -2*p - 9, -3*y - p = -13. Suppose -4*a + y = -6*a. Let h = 1 - a. What is the units digit of h?
3
Let g = 93 + -56. What is the tens digit of g?
3
Let c = -6 - -3. What is the units digit of 2/((-6)/c) + 2?
3
Let f(v) = 2*v**2 + 4*v - 1. Suppose -10 = 4*m + 6, 2*m - 12 = 5*z. Let l be f(z). Suppose l + 3 = 2*a. What is the units digit of a?
9
Let z be (0/(-1))/(6/3). Suppose -m = -z + 6. What is the units digit of (4/3)/(m/(-18))?
4
Suppose 0*y - 84 = -4*y. Let b = y + -13. What is the units digit of b?
8
Let y = -8 + 13. Suppose -20 = -z - y. What is the tens digit of z?
1
Let y = 6 - 3. Let j = y + -5. What is the units digit of ((-2)/3)/(j/18)?
6
What is the tens digit of 7/28 - (-238)/8?
3
Suppose -v + n = -24, 2*n - 10 = -4*v + 110. What is the tens digit of v?
2
Let x(w) = w**2 + 7. Let y be 6/(-8)*(-8)/2. Let j = -3 + y. What is the units digit of x(j)?
7
Let d(c) = -13*c + 4. What is the units digit of d(-3)?
3
What is the units digit of (-46)/(-6)*(3 - 0/3)?
3
Let t(b) = -b**3 + 2*b**2 + 22*b - 4. What is the hundreds digit of t(-7)?
2
Suppose -379 = -4*c + 101. What is the units digit of c?
0
Let u(f) = -f**2 + 9*f + 12. Let g be u(10). Suppose 0 = -3*a - 1 - 5, 6 = -3*l - 3*a. Suppose -g*t = -l*t - 2. What is the units digit of t?
1
Let c(i) = i**2 + 6*i - 4. Let w be c(-7). Suppose 2*m + m = w. Suppose d - 11 + m = 0. What is the units digit of d?
0
Let j be ((-144)/(-30))/((-6)/(-20)). What is the tens digit of 16*2/j*6?
1
Let o(n) = n - 6. Suppose 4*c - 3*d - 1 + 4 = 0, 3*d = -2*c + 21. Suppose -x - c*x = -32. What is the units digit of o(x)?
2
Let h(g) = 2*g**3 + 4*g + 2. Let o(i) = -3*i**3 - i**2 - 7*i - 4. Let c(f) = 5*h(f) + 3*o(f). What is the tens digit of c(4)?
1
Let h(c) = 4*c**2 + c - 1. Suppose -14*b - 12 = -10*b. What is the tens digit of h(b)?
3
Suppose -5*r - 3*j - 6 = -1, -2*r + 5*j = -29. Suppose 4*t + r*h = 80, -3*h + 15 = 5*t - 4*t. Let n = t + -9. What is the tens digit of n?
1
Suppose 83 = 2*u - i, 0 = -4*u + 5*i + 195 - 32. What is the units digit of u?
2
Let a(n) = n**3 - 3*n**2 - n - 4. Suppose 15 = 5*g - 5. What is the units digit of a(g)?
8
Suppose 2*s = 6*s. Suppose 2*u - 9 = -u + 2*k, 30 = 3*u + 5*k. Suppose 5*p + s*p - y = 49, u*p = 3*y + 47. What is the tens digit of p?
1
Suppose 8 = 5*c - 12. Suppose 128 = 5*m + 2*k, -2*m = -k - c - 40. What is the tens digit of m?
2
Suppose 0 = 2*h + 3*h - 10. Suppose -4 = 2*i, -4*j + h*i = -0*i - 24. Suppose g - j*v = -3, -5*g + 4*g + v + 17 = 0. What is the units digit of g?
2
Suppose -2*m + 35 = 5*d, -4*d + 23 + 26 = 3*m. What is the tens digit of m?
1
Let s = -2 + 2. Let h = 3 - s. What is the units digit of (-6)/(h + -4) + 0?
6
Let s = -22 + 9. Let j be 2/(-6) - 164/(-6). Let p = j + s. What is the units digit of p?
4
Suppose -5*p = -3*p - 198. What is the tens digit of p?
9
Let j be 7/(-21) - (-391)/3. Suppose -j = -10*n + 5*n. What is the units digit of n?
6
Let l(z) = -132*z**3 - 1. What is the hundreds digit of l(-1)?
1
Let s(d) = -d**2 + 12*d + 15. What is the tens digit of s(11)?
2
Let h = -13 - -14. What is the units digit of h?
1
Let g be (-7 - -6)/(2/(-248)). Let c = g - 78. What is the tens digit of c?
4
Let z = -10 - -31. What is the tens digit of z?
2
Suppose 0 = -5*r + 307 + 128. What is the tens digit of r?
8
Let a = 231 + -149. What is the units digit of a?
2
Let y = 9 + -6. Let f be 2 + -1*(y + 2). Let j = 2 - f. What is the units digit of j?
5
Let z = -29 + 58. What is the units digit of z?
9
Suppose -5*a = -2*y + 28, y + 1 = -2*a - 3. Suppose -y*z - 2*w + 168 = -7*w, 3*z = -5*w + 126. What is the tens digit of z?
4
Let v = -3 - -9. What is the units digit of (-39)/v*(1 + -3)?
3
Let m be 9/6*12/9. What is the tens digit of 0 - -24*(m - 1)?
2
Let p = 1159 - 794. What is the hundreds digit of p?
3
Let f(p) = -6 + 3 - p**3 + 0*p**3 + 4 + p**2. Let v = -1 - -2. What is the units digit of f(v)?
1
Suppose y = 6*y - 345. What is the units digit of y?
9
Let s(r) be the second derivative of -r**3/3 - r**2/2 - 4*r. What is the units digit of s(-1)?
1
Let o be 2/7 - (-24)/14. Let n = -1 + 2. Suppose n + o = 3*u + 3*q, 4*u - 5*q - 4 = 0. What is the units digit of u?
1
Suppose -2*f + f = 31. Let v = f + 49. What is the units digit of v?
8
Suppose -14*p - 244 = -18*p. What is the units digit of p?
1
Let r(f) = 1 - 1 + 3 + f. Suppose 18 = 4*i + 2*d - 6, 3*i - 23 = d. What is the units digit of r(i)?
0
Let p(a) = -a**3 - 1. Let c be (-64)/30 - 14/(-105). What is the units digit of p(c)?
7
Suppose 4*f + 236 = 828. What is the tens digit of f?
4
Suppose 2*s - 85 = -3*s. Let f be (0 - (-12)/(-3)) + 7. Suppose g = -f*n + s, -3*g = 3*n - 4*n + 19. What is the units digit of n?
7
Let h(b) = 7*b + 2. What is the units digit of h(1)?
9
Let x(j) = -8*j**3 - j**2 - 2*j - 2. Let p be x(-1). Suppose 2*d + 4 = -0*d. Let f = d + p. What is the units digit of f?
5
Let g be (-2)/(-4) + (-6)/(-4). Suppose 2*q - 44 = -g*y + 6*q, -3*q + 16 = 2*y. What is the units digit of y?
4
Suppose -j = -19 - 8. Suppose -f - j = 4*s + 2*f, 2*s = -2*f - 16. Let p = s - -13. What is the tens digit of p?
1
Suppose -168 = -9*t + 5*t. What is the units digit of t?
2
Let r = 5 - 2. Suppose -r*d + 1 = -11. Suppose a - 6*h - 15 = -h, -2*h - d = 0. What is the units digit of a?
5
Suppose -4*s = 3*n - 62, -2*s - 2*n = -n - 30. Suppose -3 - 7 = -5*p. Let l = p + s. What is the tens digit of l?
1
Suppose 3*u = -4*s + 39, -u - 2*u = 2*s - 15. Suppose -s - 12 = -4*r. What is the units digit of r?
6
Let g(k) = -k**2 + 4*k - 2. Let o be g(3). Suppose -y - 3 - o = 0. What is the tens digit of y/(-6)*(-132)/(-8)?
1
Let w = 9 - 15. Suppose 30 = -6*h + 3*h. What is the units digit of 132/20 - w/h?
6
Let v(z) = z**2 - 4*z - 3. Suppose 3*x - 17 = -2. Let b be v(x). Suppose 2*u + 2*r + b = 0, 4*u - 21 = -0*u + r. What is the units digit of u?
4
Let h(p) = -17*p - 1. Let o be h(1). Suppose 0*x - 2*x + 5*k = -13, x - 3 = -k. What is the units digit of (-76)/o + x/(-18)?
4
Suppose -4*z + 10 = 5*u, -3*u + 23 = 5*z - 6*z. Let y = u - 0. What is the units 